 (base 5) in base 8?
223150
1220202111 (base 3) to base 16
9364
What is 110120 (base 4) in base 11?
a86
1110001110 (base 2) to base 14
490
What is -22588 (base 10) in base 2?
-101100000111100
Convert c16d (base 14) to base 10.
33221
-2866 (base 9) to base 5
-32131
Convert 27511 (base 8) to base 13.
5682
What is 64 (base 13) in base 16?
52
Convert -c595 (base 14) to base 6.
-421331
What is 2a (base 13) in base 12?
30
Convert -25021 (base 11) to base 12.
-18988
-89 (base 13) to base 9
-135
What is -111020 (base 3) in base 13?
-216
Convert -150a6 (base 13) to base 16.
-9b02
Convert -712 (base 10) to base 7.
-2035
-4053 (base 7) to base 8
-2602
Convert -46411 (base 7) to base 6.
-130534
Convert -31551 (base 6) to base 5.
-114230
33442 (base 5) to base 12
1458
Convert 240443 (base 5) to base 15.
2968
Convert 32001 (base 7) to base 14.
2c38
What is 11001001010110 (base 2) in base 10?
12886
What is -21c2 (base 13) in base 12?
-2895
-22001 (base 4) to base 6
-2545
What is 4231 (base 5) in base 15?
27b
Convert 372 (base 12) to base 3.
201012
What is -132213 (base 4) in base 14?
-9dd
Convert -112101120 (base 3) to base 11.
-7978
-1001 (base 4) to base 11
-5a
11486 (base 14) to base 9
63625
2430 (base 16) to base 5
244024
What is -2311 (base 5) in base 6?
-1311
What is 909 (base 11) in base 16?
44a
What is 15986 (base 11) in base 16?
57cf
-330 (base 14) to base 8
-1166
What is 324063 (base 7) in base 15?
11bb0
Convert 158 (base 13) to base 11.
200
Convert 723b (base 16) to base 14.
a92b
What is -1520 (base 15) in base 5?
-121110
Convert -4652 (base 11) to base 8.
-13733
Convert -13ab (base 13) to base 9.
-3811
-249 (base 15) to base 3
-201020
Convert -34 (base 13) to base 8.
-53
What is 1010201010 (base 3) in base 7?
122160
What is 133231 (base 5) in base 15?
192b
Convert -a56 (base 12) to base 3.
-2001210
-a7d (base 15) to base 4
-211000
Convert -1407 (base 9) to base 16.
-424
Convert -43172 (base 11) to base 3.
-10012002100
What is 2413 (base 14) in base 11?
47a8
-5400 (base 14) to base 7
-60200
-321151 (base 6) to base 12
-131b7
12a2 (base 11) to base 4
122111
Convert -577 (base 12) to base 16.
-32b
Convert 31030 (base 5) to base 3.
2202122
-7a12 (base 11) to base 14
-3bac
-6c67 (base 14) to base 3
-221221021
-956 (base 11) to base 9
-1517
What is -949 (base 16) in base 7?
-6634
Convert -4d1 (base 16) to base 4.
-103101
d6 (base 15) to base 4
3021
What is -1554 (base 6) in base 7?
-1153
What is 1101001010 (base 2) in base 3?
1011012
What is -36831 (base 12) in base 3?
-10202012001
-6b8 (base 14) to base 7
-3621
What is 58840 (base 9) in base 11?
275a7
Convert 102221 (base 6) to base 10.
8293
9cd (base 15) to base 3
10001011
What is -66a (base 11) in base 7?
-2224
What is -1241 (base 5) in base 16?
-c4
-a0 (base 13) to base 10
-130
What is -102b (base 14) in base 6?
-20515
Convert -35 (base 14) to base 13.
-38
-112 (base 3) to base 10
-14
What is 26061 (base 7) in base 6?
51543
Convert -1020002 (base 3) to base 6.
-4045
Convert 1172 (base 12) to base 14.
9dc
Convert -131 (base 15) to base 7.
-535
What is -356 (base 10) in base 6?
-1352
What is 133020 (base 4) in base 8?
3710
Convert 1021531 (base 6) to base 12.
248a7
What is 1000312 (base 4) in base 7?
15046
Convert 4431 (base 7) to base 4.
120312
Convert 12705 (base 8) to base 6.
41445
What is -23122 (base 7) in base 13?
-28b7
What is 643 (base 7) in base 12?
231
Convert -1100101100110 (base 2) to base 4.
-1211212
What is 111100010 (base 2) in base 8?
742
Convert 610 (base 11) to base 15.
342
35 (base 15) to base 7
101
-10220011 (base 3) to base 11
-2151
Convert 2012220000 (base 3) to base 4.
22222023
Convert -221 (base 3) to base 10.
-25
1714 (base 10) to base 16
6b2
-35776 (base 8) to base 12
-8a7a
What is 303510 (base 7) in base 14?
14bb0
Convert -111101002 (base 3) to base 8.
-23025
-2dc0 (base 14) to base 7
-32630
Convert -3528 (base 10) to base 3.
-11211200
Convert -146b0 (base 15) to base 4.
-100001220
Convert -11111100010101 (base 2) to base 4.
-3330111
Convert 76521 (base 8) to base 11.
22115
-110010100 (base 3) to base 11
-6705
248 (base 15) to base 13
30b
What is -10111011011 (base 2) in base 13?
-8b4
What is 402204 (base 5) in base 6?
135140
Convert 2004024 (base 5) to base 9.
47513
What is -1131 (base 4) in base 8?
-135
-514 (base 7) to base 5
-2011
What is -2000 (base 3) in base 12?
-46
2344 (base 7) to base 6
4001
What is -1101000011011 (base 2) in base 14?
-2615
462 (base 7) to base 2
11110000
2157 (base 14) to base 7
22540
What is -2563 (base 8) in base 4?
-111303
Convert 1230041 (base 5) to base 4.
11303123
What is 57b (base 13) in base 14?
4b9
-1232201 (base 4) to base 6
-52425
What is 1210304 (base 5) in base 14?
832b
Convert 2001101 (base 5) to base 12.
16209
Convert -11377 (base 9) to base 10.
-7603
What is 10054 (base 6) in base 4?
110302
Convert 15a51 (base 11) to base 13.
a367
-32101 (base 5) to base 8
-4147
What is 1110010111000010 (base 2) in base 5?
3340233
What is -39254 (base 10) in base 2?
-1001100101010110
Convert 411 (base 14) to base 5.
11144
What is -13411 (base 5) in base 4?
-101102
Convert 11000111100 (base 2) to base 7.
4440
What is 111011 (base 2) in base 14?
43
Convert -504 (base 7) to base 9.
-306
What is -a7 (base 11) in base 15?
-7c
Convert -7a (base 12) to base 5.
-334
-111100000 (base 2) to base 15
-220
-430 (base 12) to base 8
-1144
-10000011001 (base 2) to base 16
-419
What is 214 (base 15) in base 5?
3334
What is -229 (base 15) in base 13?
-2b8
What is 3a7 (base 14) in base 2?
1011011111
What is 5613 (base 15) in base 11?
12785
335 (base 13) to base 8
1047
What is bc8 (base 13) in base 4?
133213
What is -91a (base 12) in base 9?
-1724
Convert 313326 (base 7) to base 3.
2202002200
Convert -531 (base 14) to base 13.
-609
Convert -13434 (base 5) to base 14.
-59d
What is 33215 (base 7) in base 14?
307c
What is -14dc (base 14) in base 2?
-111010001010
Convert -248 (base 14) to base 15.
-206
What is -7bd8 (base 16) in base 6?
-402440
Convert 11100001111 (base 2) to base 11.
13a3
-276 (base 12) to base 13
-231
-5110 (base 7) to base 11
-1370
Convert -22 (base 15) to base 8.
-40
-1071 (base 11) to base 8
-2601
-100100110 (base 2) to base 12
-206
What is -3ca (base 13) in base 16?
-2a1
Convert 30231 (base 6) to base 9.
5411
Convert -1177 (base 12) to base 9.
-2621
Convert -135 (base 8) to base 10.
-93
-1726 (base 8) to base 5
-12412
-11022110102 (base 3) to base 11
-58871
What is -345 (base 8) in base 11?
-199
b1b (base 15) to base 7
10202
Convert 420206 (base 7) to base 5.
4302014
101001001 (base 2) to base 6
1305
What is -201131 (base 4) in base 15?
-97b
-1b (base 14) to base 8
-31
What is -1203200 (base 4) in base 10?
-6368
What is 10c2 (base 14) in base 11?
220a
What is -111000011100110 (base 2) in base 14?
-a766
802 (base 12) to base 4
102002
Convert 11012120 (base 3) to base 12.
1936
What is -1540 (base 8) in base 7?
-2343
-1896 (base 14) to base 16
-115c
What is -552b (base 14) in base 12?
-8643
-2824 (base 13) to base 10
-5776
-477 (base 8) to base 5
-2234
-3031 (base 6) to base 12
-477
What is 1c2 (base 14) in base 13?
222
1101101001110 (base 2) to base 16
1b4e
1840 (base 10) to base 11
1423
-31412 (base 5) to base 15
-957
-1211002022 (base 3) to base 12
-1885b
What is -101212120 (base 3) in base 5?
-223201
Convert -414411 (base 5) to base 11.
-a353
-405 (base 10) to base 11
-339
What is 1223 (base 9) in base 7?
2442
What is 34214 (base 6) in base 7?
20044
-d87e (base 15) to base 10
-45794
Convert -2c0 (base 14) to base 6.
-2332
8a8 (base 13) to base 2
10111010010
Convert 11122 (base 5) to base 3.
1002011
4356 (base 8) to base 14
b94
-214 (base 9) to base 2
-10101111
Convert 121120 (base 4) to base 16.
658
What is 103300 (base 4) in base 10?
1264
17802 (base 9) to base 6
133002
Convert -c (base 14) to base 4.
-30
-141025 (base 6) to base 5
-410233
What is 44a22 (base 11) in base 2?
1111111001100010
What is -a7e0 (base 15) in base 13?
-13236
What is 31311313 (base 4) in base 9?
85684
Convert -3231312 (base 4) to base 15.
-479c
Convert -594 (base 12) to base 3.
-1010211
What is 21102 (base 3) in base 16?
c8
Convert -f7b (base 16) to base 2.
-111101111011
What is 447 (base 11) in base 6?
2251
-13440 (base 9) to base 7
-35361
What is -2a5a (base 13) in 